s 161 composite?
True
Is 830549 prime?
True
Is 1759 a composite number?
False
Is 100057 a composite number?
False
Is 230327 a composite number?
False
Is 670765 prime?
False
Is 207734 composite?
True
Is 374173 composite?
False
Is 116089 a composite number?
False
Is 56569 a prime number?
True
Is 36251 a composite number?
False
Is 25967 prime?
False
Is 244201 composite?
True
Is 5309 a prime number?
True
Is 926461 a composite number?
False
Is 541631 composite?
False
Is 19247 a prime number?
False
Is 37358 a prime number?
False
Is 43391 prime?
True
Is 455743 prime?
False
Is 125141 prime?
True
Is 120233 a composite number?
False
Is 319469 prime?
True
Is 14613 a composite number?
True
Is 302407 a prime number?
False
Is 685099 composite?
False
Is 127 a prime number?
True
Is 20563 composite?
False
Is 314693 composite?
False
Is 29657 a composite number?
True
Is 40954 composite?
True
Is 119549 prime?
True
Is 21337 composite?
True
Is 1567 a prime number?
True
Is 18881 a prime number?
False
Is 40661 prime?
False
Is 3885485 a composite number?
True
Is 71867 a prime number?
True
Is 124829 prime?
False
Is 106519 prime?
False
Is 89455 a composite number?
True
Is 4751 prime?
True
Is 3629 a prime number?
False
Is 9673 a prime number?
False
Is 373783 prime?
True
Is 27663 a prime number?
False
Is 108187 a prime number?
True
Is 151867 prime?
False
Is 116329 composite?
False
Is 623 a prime number?
False
Is 171357 prime?
False
Is 2053 composite?
False
Is 251149 prime?
True
Is 202547 a composite number?
True
Is 12451 composite?
False
Is 50821 prime?
True
Is 4561 a composite number?
False
Is 19907 prime?
False
Is 196567 prime?
False
Is 285257 prime?
False
Is 689 prime?
False
Is 121229 prime?
True
Is 14981 a prime number?
False
Is 65 a composite number?
True
Is 2543 a composite number?
False
Is 161277 a composite number?
True
Is 4737 composite?
True
Is 795999 composite?
True
Is 743 prime?
True
Is 2771033 composite?
False
Is 182681 prime?
True
Is 2973833 a composite number?
False
Is 403037 a composite number?
False
Is 2533727 composite?
True
Is 1199659 prime?
True
Is 37307 composite?
False
Is 1217747 a composite number?
True
Is 58469 a prime number?
False
Is 129557 composite?
True
Is 1166713 prime?
True
Is 81537 composite?
True
Is 203177 prime?
False
Is 96727 composite?
True
Is 37951 composite?
False
Is 1753537 a prime number?
True
Is 187849 prime?
False
Is 65397 a composite number?
True
Is 169555 a prime number?
False
Is 273454 prime?
False
Is 145615 prime?
False
Is 335819 a composite number?
True
Is 23434 a prime number?
False
Is 70753 composite?
False
Is 108227 composite?
True
Is 1203 a prime number?
False
Is 4721 a composite number?
False
Is 837773 prime?
True
Is 32083 a composite number?
False
Is 6499 a composite number?
True
Is 521963 a composite number?
True
Is 1539389 prime?
True
Is 244837 prime?
True
Is 59263 a composite number?
False
Is 248237 a composite number?
True
Is 6197 prime?
True
Is 251231 a prime number?
True
Is 22613 a composite number?
False
Is 13519 a composite number?
True
Is 63055 prime?
False
Is 295255 composite?
True
Is 25667 composite?
False
Is 243731 prime?
False
Is 26759 composite?
False
Is 113647 a prime number?
True
Is 915141 prime?
False
Is 1734217 composite?
True
Is 6979 a composite number?
True
Is 25013 composite?
False
Is 174481 a prime number?
True
Is 14429 composite?
True
Is 174433 a prime number?
False
Is 46829 composite?
False
Is 870689 a prime number?
False
Is 34315 a prime number?
False
Is 202463 a composite number?
True
Is 10433 composite?
False
Is 17539 prime?
True
Is 109451 a composite number?
False
Is 2362985 prime?
False
Is 16603 a prime number?
True
Is 73783 a composite number?
False
Is 893 composite?
True
Is 15559 prime?
True
Is 63889 composite?
True
Is 954173 composite?
True
Is 1108619 prime?
True
Is 32633 a prime number?
True
Is 542587 a composite number?
False
Is 7069 a prime number?
True
Is 2942 composite?
True
Is 269461 composite?
False
Is 1669 a prime number?
True
Is 20789 a prime number?
True
Is 415 a prime number?
False
Is 10451 a composite number?
True
Is 1347877 composite?
False
Is 631777 a composite number?
True
Is 477391 a prime number?
False
Is 31621 a composite number?
True
Is 4409 prime?
True
Is 587 a prime number?
True
Is 28349 a prime number?
True
Is 1171 a prime number?
True
Is 3011 a composite number?
False
Is 97301 composite?
False
Is 4889 a prime number?
True
Is 27239 a composite number?
False
Is 117319 composite?
False
Is 109069 a prime number?
False
Is 1011 composite?
True
Is 1591 prime?
False
Is 173623 a composite number?
True
Is 8753 a prime number?
True
Is 3659 composite?
False
Is 6979 composite?
True
Is 3293 composite?
True
Is 120929 a prime number?
True
Is 563 a composite number?
False
Is 3223 a composite number?
True
Is 21683 composite?
False
Is 14591 a composite number?
False
Is 12149 a prime number?
True
Is 958 prime?
False
Is 4169 a composite number?
True
Is 36131 composite?
False
Is 48403 a prime number?
False
Is 137251 composite?
False
Is 4139 prime?
True
Is 382091 a prime number?
False
Is 755641 a composite number?
True
Is 1151 composite?
False
Is 402797 a composite number?
False
Is 1302563 a prime number?
True
Is 3151 a prime number?
False
Is 6801 a composite number?
True
Is 490783 a prime number?
True
Is 1245029 a prime number?
False
Is 3859813 composite?
True
Is 363021 a prime number?
False
Is 602947 a prime number?
True
Is 10301 a prime number?
True
Is 53527 a composite number?
False
Is 1127149 a composite number?
False
Is 4700341 a composite number?
False
Is 437 prime?
False
Is 3353 a prime number?
False
Is 20593 a prime number?
True
Is 8139 a prime number?
False
Is 673195 prime?
False
Is 2987 a composite number?
True
Is 1761 composite?
True
Is 169583 a prime number?
True
Is 674023 a composite number?
True
Is 176191 a composite number?
False
Is 99039 composite?
True
Is 152807 composite?
True
Is 158141 prime?
True
Is 252537 a prime number?
False
Is 1469 prime?
False
Is 44049 prime?
False
Is 3853633 composite?
True
Is 7864927 composite?
True
Is 4153 a prime number?
True
Is 17371 a composite number?
True
Is 60737 composite?
False
Is 11062 a composite number?
True
Is 18931 a prime number?
False
Is 6387 a composite number?
True
Is 571017 a composite number?
True
Is 229079 composite?
True
Is 2927 a composite number?
False
Is 953 a composite number?
False
Is 181549 composite?
False
Is 36587 composite?
False
Is 5939 prime?
True
Is 1152857 a composite number?
False
Is 146711 composite?
True
Is 33911 prime?
True
Is 26749 a prime number?
False
Is 847767 a prime number?
False
Is 7901 composite?
False
Is 521689 a composite number?
True
Is 3143 a composite number?
True
Is 51193 a prime number?
True
Is 550249 composite?
True
Is 4878223 a composite number?
True
Is 626062 a prime number?
False
Is 43171 prime?
False
Is 5251 composite?
True
Is 28807 a prime number?
True
Is 28007 a composite number?
True
Is 15103 a prime number?
False
Is 21211 a prime number?
True
Is 1123 composite?
False
Is 4271101 composite?
True
Is 17786 a prime number?
False
Is 39433 a composite number?
True
Is 2053 prime?
True
Is 5071 a composite number?
True
Is 120709 a composite number?
False
Is 49537 a prime number?
True
Is 115361 a prime number?
True
Is 1273033 a prime number?
True
Is 49097 composite?
True
Is 107921 composite?
True
Is 195095 prime?
False
Is 19667 a composite number?
True
Is 162397 prime?
False
Is 99565 a prime number?
False
Is 28961 a composite number?
False
Is 1018183 a composite number?
True
Is 9431 a prime number?
True
Is 89779 a prime number?
True
Is 205217 composite?
True
Is 282431 prime?
False
Is 186817 composite?
True
Is 1839169 prime?
True
Is 528659 prime?
True
Is 273503 composite?
False
Is 44227 a composite number?
True
Is 37243 prime?
True
Is 162989 prime?
True
Is 159481 a composite number?
True
Is 11359 a composite number?
True
Is 27499 composite?
True
Is 7627 a prime number?
False
Is 135781 prime?
True
Is 34841 a composite number?
False
Is 17519 composite?
False
Is 1314433 a composite number?
False
Is 5737 a prime number?
True
Is 1186381 prime?
False
Is 351587 prime?
True
Is 11069 a prime number?
True
Is 63211 a prime number?
True
Is 103043 composite?
False
Is 2101 a composite number?
True
Is 35